s divided by u.
19
Suppose 3*o + 18 = 120. Suppose 5*z - 52 = 38. Calculate the remainder when o is divided by z.
16
Let a(r) = 4*r - 1. What is the remainder when 27 is divided by a(2)?
6
Suppose 0*c + 5*c = 10. What is the remainder when (-36)/(-27) - 2/(-3) is divided by c?
0
Suppose -12*z + 4*z + 1392 = 0. Calculate the remainder when z is divided by 16.
14
Let m(x) = x**3 + 9*x**2 + 5*x + 27. Calculate the remainder when 305 is divided by m(-8).
50
Suppose 2*a = -3 + 1. Let f(n) = -14*n + 1. Calculate the remainder when 57 is divided by f(a).
12
Let t(b) = -b + 2. Let c be t(2). Suppose c = o + o - 90. What is the remainder when o is divided by 23?
22
Let n = 268 + -127. Let d = -101 + n. Calculate the remainder when d is divided by 7.
5
Let c(o) = -o**3 + 4. Let q be c(0). Calculate the remainder when 50 is divided by 76/q - (0 - -2).
16
Let u = -105 - -178. What is the remainder when u is divided by 38?
35
Let a be ((-38)/1)/(-2) + -1. Let m = 33 - a. Suppose -62 = -5*z + 153. Calculate the remainder when z is divided by m.
13
Suppose -j - 3*q + 1 = 0, 4*j + q = -0*j + 4. Let g = -6 + 20. Calculate the remainder when g is divided by j/4 - (-31)/4.
6
Suppose -45 = -2*k - 4*j + 1, -k + 21 = 4*j. Calculate the remainder when 48 is divided by k.
23
What is the remainder when 31/((8/12)/(4/3)) is divided by 17?
11
Suppose 2 = m - 1, 0 = -3*p - m + 249. What is the remainder when p is divided by 21?
19
Calculate the remainder when ((-660)/18)/(2/(-3)) is divided by 15.
10
Suppose 3*s + 16 = -s, -3*b + 33 = -3*s. Suppose 0 = -a - m + 33, 2*a - b*m - 36 = -3*m. Calculate the remainder when 54 is divided by a.
26
Let t = -7 - -13. Let i(g) = 41*g + 44. Calculate the remainder when t is divided by i(-1).
0
Suppose 0 = 5*w + 15 - 5, -5*b - 5*w + 55 = 0. What is the remainder when 62 is divided by b?
10
Let q = 142 - 99. Calculate the remainder when 170 is divided by q.
41
Let f = -5 - -1. Let x be (2/f)/(4/8). Let r(m) = 12*m**2 - 1. Calculate the remainder when 32 is divided by r(x).
10
Suppose -3*n - 8 = 5*z - 2*n, -z - 3*n - 10 = 0. Let l be 5/(-10) - 9/(-2). What is the remainder when 50 is divided by l/(-4) + 19 + z?
16
Suppose 0 = 4*s - 320 + 108. Calculate the remainder when s is divided by 14.
11
Let p be (24/15)/((-2)/(-5)). What is the remainder when 2 is divided by p*(-1 + (-6)/(-4))?
0
Suppose 0 = 5*a - 71 - 114. Calculate the remainder when a is divided by 13.
11
Suppose 5*o - 8*o + 6 = 0. Suppose o*n - 12 = -m, -4*m + m + 36 = -n. Let b(k) = k**3 + 7*k**2 + 5*k + 5. What is the remainder when b(-4) is divided by m?
9
Let p be 2 + (4/(-4) - 3). Calculate the remainder when (-3 - -1)*19/p is divided by 10.
9
Suppose -3*x + 3 = -15. Suppose -4*i + x = f, -i - 5 - 6 = -f. What is the remainder when (-20)/150 + (-272)/(-15) is divided by f?
8
Suppose 0 = 3*v + 3*c - 171, 3*c + 0*c + 45 = v. What is the remainder when v is divided by 8?
6
Suppose -8*f = 105 - 337. Calculate the remainder when f is divided by ((-6)/5)/(3/(-20)).
5
Suppose 0 = -5*q - 15. Let h(w) = -3*w**3 - w**2 + w + 4. What is the remainder when h(q) is divided by 19?
16
Let z = -9 + 15. Let l = 24 - 14. What is the remainder when l is divided by z?
4
Suppose 5*j = 4*j + 5. Suppose -235 = -j*x - 5*t, x - t = -x + 100. Calculate the remainder when x is divided by 13.
10
Suppose 5*g + 0*g - 17 = 4*p, 0 = -2*g + 4*p + 2. Let k = 4 + 0. What is the remainder when g is divided by k?
1
Suppose -s + 5*z + 61 = 0, -5*s + 117 = 3*z - 48. What is the remainder when s is divided by 13?
10
Let c(y) = y**3 - 7*y**2 - 15*y + 2. Calculate the remainder when c(9) is divided by 8.
5
Suppose 9*s + 310 = 4*s. Let o = -35 - s. Calculate the remainder when o is divided by 15.
12
Let v(r) = -r + 3. Calculate the remainder when v(-3) is divided by -3*1 + -3 + 10.
2
Suppose 0 = w - s - 47, 0 = -2*w - 0*s + 4*s + 104. Suppose -h + w = 2*h. What is the remainder when 26 is divided by h?
12
Suppose 3*v + 296 = 5*r - 167, -4 = -v. Suppose -31 - r = -3*a. What is the remainder when a is divided by 11?
9
Let o be 100/(-8)*(-20)/25. Let b(r) = -r**2 - r + 15. Let u be b(0). Let w = u - o. What is the remainder when w is divided by 3?
2
Let x = 15 + -8. Calculate the remainder when 26 is divided by x.
5
Let n(c) = 46*c**2 - 6*c - 6. What is the remainder when 134 is divided by n(-1)?
42
Suppose -l + 2*d = -1, 2*d + 4 = l - 3*d. Calculate the remainder when 12 is divided by (2/2)/(l/(-7)).
5
Suppose 2*x = -0*v - 5*v + 137, 4*v - 3*x - 105 = 0. What is the remainder when v is divided by 15?
12
Calculate the remainder when (-45 + -1)/(-12 + 10) is divided by 5.
3
Let y = 11 + -8. Let x = 15 - 9. What is the remainder when x is divided by y?
0
Let u(f) = 7*f**2 - 2*f - 2. Let k = 15 - -46. Let j = k - 41. Calculate the remainder when j is divided by u(-1).
6
Suppose 3*m - 21 = c, c + 4 = -m + 3. Calculate the remainder when -66*(0 + 3)/c is divided by 12.
9
Suppose 3*d - 4*o - 41 = 0, 3*d = -2*d + o + 57. Calculate the remainder when 21 is divided by d.
10
Suppose 2*q + w = 39, -10 + 34 = 2*q + 4*w. Calculate the remainder when 86 is divided by q.
20
Let u(d) be the second derivative of -5*d**3/3 - d**2/2 + d. What is the remainder when 2 - 71*(1 - 2) is divided by u(-2)?
16
Let p(c) = -4*c + 8. Let g be p(9). Suppose -2*w = -2*r + 36, -w + 50 = 5*r + 4*w. What is the remainder when (-77)/g*(-20)/(-1) is divided by r?
13
Suppose 0 = -0*f + 3*f + 108. Calculate the remainder when ((-49)/14)/(2/f) is divided by 16.
15
Suppose 0 = 9*k - 12*k + 30. What is the remainder when 24 is divided by k?
4
Let d(h) = 3*h**2 + 3*h + 6. Let q(m) = 4*m**2 + 4*m + 5. Let w(f) = 3*d(f) - 2*q(f). What is the remainder when 22 is divided by w(0)?
6
Let j(r) be the second derivative of 0 + 3/2*r**2 + 1/20*r**5 - 2/3*r**4 + 1/3*r**3 - 3*r. What is the remainder when 56 is divided by j(8)?
18
Let f be (10/6)/(5/(-15)). Let m = 6 + f. Calculate the remainder when -1*(m - -1)*-14 is divided by 10.
8
Suppose -5*b + 50 = 5. Suppose 3*q = -4*s + 8, -2*s + 6*s - 2*q = -12. Calculate the remainder when (s/2)/((-2)/68) is divided by b.
8
Suppose p - b + 3*b = 17, 2*b + 58 = 4*p. What is the remainder when p is divided by 8?
7
Let t(m) = -27*m + 3. Calculate the remainder when t(-2) is divided by 29.
28
Suppose 4*b + b = -4*a + 49, -3*b + 27 = 2*a. Calculate the remainder when 15 is divided by a.
3
Suppose 4 = s + 2*p - 3, 3*p - 42 = -5*s. Calculate the remainder when 51 is divided by s.
6
Let p = -57 - -77. What is the remainder when 96 is divided by p?
16
What is the remainder when 3 is divided by (9/6 - 0)/((-1)/(-2))?
0
What is the remainder when (22/4 - 0)*2 is divided by (-12)/(-3) + (-2 - -1)?
2
Calculate the remainder when 25 is divided by 110/11 + 2 + 1.
12
Let r = -2 + 4. What is the remainder when 1/((-2)/r)*-22 is divided by 8?
6
Let c(j) = -10*j - 8. Calculate the remainder when c(-5) is divided by 11.
9
Let r be -1 - (1 + -2) - -2. Suppose 3*l + r*l = 65. What is the remainder when (37 - (-1 - -1)) + 0 is divided by l?
11
Let g = 5 - 3. Suppose -4*a + g*a = -18. What is the remainder when a is divided by 3?
0
Let i(u) = -5*u - 4. Let k(q) = -q - 1. Let m(l) = -i(l) + 6*k(l). Let f = 4 - 2. What is the remainder when f is divided by m(-3)?
0
Suppose -4*i + 4 = -8. Suppose 5*k - 16 = -i*h, h = 2*k - 4*h + 6. What is the remainder when 25 is divided by (6/(-4))/(k/(-12))?
7
Calculate the remainder when 46 is divided by (-10)/((-4)/(3 + 1)).
6
Calculate the remainder when 10 - (-3 + 2 - -3) is divided by 4.
0
Suppose 0 = -2*s - s + 60. What is the remainder when 78 is divided by s?
18
Let m(f) = f**3 + 4*f**2 + f - 1. Suppose 0 = 3*r + 47 + 13. Calculate the remainder when m(-2) is divided by -2 + (r/(-2))/2.
2
Let c(f) = f**3 + 8*f**2 + 5*f - 4. Let l(i) = -2*i**3 - i**2 - 4*i - 3. Let k be (12/8)/(6/(-8)). Calculate the remainder when l(k) is divided by c(-7).
7
Suppose 3*z - 86 = 22. Calculate the remainder when z is divided by 8.
4
Let r(m) = -m**2 - 7*m - 6. Let f be r(-6). Let g = f - -10. Calculate the remainder when 19 is divided by -3*1*g/(-3).
9
Suppose -u + 46 = 4*c, 0 = 3*c + 3*u - 25 - 14. Suppose 2*n = 5*n + 99. Calculate the remainder when (-2 - n)/((-1)/(-1)) is divided by c.
9
Let w(t) = -t**3 - 7*t**2 - 4*t